the first derivative of -c**3/3 + 7*c**2 - 34*c - 3640. Give a(4).
6
Let b(y) = -28*y + 3 - 5 - 4*y + 87*y - 7*y. Give b(-2).
-98
Suppose 10*j = 4*j - 48. Let o be 78*((-2 - j/12) + 0). Let m = -108 - o. Let h(z) = 2*z**2 + 3*z + 3. Calculate h(m).
23
Let f(j) = 8*j - 28. Suppose -5*h - 2*v + 40 = 0, 3*h = 4*h + 5*v - 31. Let z be f(h). Let t(p) = -3 - z*p + 47*p - 26*p. Calculate t(-5).
-8
Let a(l) = l - 3. Let o(t) = t**3 + 29*t**2 - 80*t - 561. Let z be o(-31). Determine a(z).
-6
Let g(b) = -2055 - b - 3*b + 2046 + b + 4*b. What is g(5)?
-4
Let g = 486 + -483. Let x(y) = -7*y + 21. Let z(b) = 4*b - 12. Let k(l) = g*x(l) + 5*z(l). Give k(7).
-4
Let d(p) = -p + 31. Let m = -10983 - -10999. Give d(m).
15
Let f(v) = -7*v**3 + 14*v**2 - v - 6. Let h(k) = -k**3 + k**2 - 2. Let m(n) = -f(n) + 6*h(n). Let d(l) = -l**2 + 6*l. Let x be d(4). Give m(x).
2
Let i be 60/4 + 5 - 26. Let b(v) be the second derivative of -v**3/6 - 6*v**2 - 2*v. What is b(i)?
-6
Let j be (78/(-143))/(81/(-3861)). Let q(n) be the third derivative of 4/3*n**3 - 1/60*n**5 + 0 - j*n**2 - 1/4*n**4 + 0*n. Give q(-6).
8
Let p(m) be the second derivative of -m**3/3 + 2*m**2 + 67*m. Let z(i) = 23*i**2 + 88*i - 9. Let j be z(-4). Give p(j).
-10
Suppose -5*c + c + 3*q = -16, 4*c + 5*q = 16. Let z(a) be the first derivative of 5*a**2/2 - 2*a - 193. Give z(c).
18
Let k(v) = -v**2 - 25*v + 79. Let t be k(-28). Let c(s) = -5*s**2 + 6*s. Let x(o) = -6*o**2 + 7*o. Let r(m) = t*c(m) + 4*x(m). Give r(2).
0
Suppose -x + c = -8, -x + 14 = x - 4*c. Let q(r) = -2*r**2. Let f(b) = -b**3 + 17*b**2 - 11. Let l(d) = -f(d) - 4*q(d). Calculate l(x).
11
Let h(g) be the second derivative of -3 - 3*g - 1/6*g**3 - 5/2*g**2. Give h(-4).
-1
Let s(g) = -g**2 + g + 7 - g**3 - 2*g - 3. Let f(d) = d**2 - 15*d - 96. Let j be f(20). Suppose -5*b = j*i + 31 - 11, 2*b - 15 = 3*i. Determine s(b).
4
Let p(d) be the second derivative of -d**5/20 - 5*d**4/4 - 26*d**3/3 + 10*d**2 + 282*d. Determine p(-9).
2
Let s(j) = -j**3 - 9*j**2 + 7*j + 8. Let f = 4533 - 4543. Calculate s(f).
38
Let u(c) = c**2 - 8*c - 3. Let q be 1*-6 - (-33 - 6). Let r = q + -24. Determine u(r).
6
Let s(i) = 3*i**3 - 2*i**2 - 15. Let l(y) = 2*y**3 - 2*y**2 - 10. Let t(g) = -7*l(g) + 5*s(g). Let c be t(-3). Let j(n) = n**3 - 4*n**2 - n - 4. Give j(c).
-8
Let y(u) = u**2 + 21*u - 47. Let b be y(-23). Let s(d) be the first derivative of 0*d - 3/2*d**2 + 5. What is s(b)?
3
Let r(h) = h**3 - 4*h**2 - 7*h + 11. Let p(q) = -q**2 - 94*q - 759. Let s be p(-9). Calculate r(s).
41
Let q(j) = 0 - j**3 + 3 - 11*j**2 - j + 0 - 5*j + 15*j**2. What is q(3)?
-6
Let x = -2 - -10. Let i(y) = 3 + 3537*y - y**2 - 6959*y + 3429*y. Determine i(x).
-5
Let p = 4 + 388. Let h(q) = p*q - 11 + 3 - 4 - 388*q. Let j(k) = -3*k + 8. Let n(d) = -5*h(d) - 7*j(d). Give n(0).
4
Let z(b) = 20*b - 25. Suppose -29*w + 3*t + 12 = -30*w, -2*w + 16 = -2*t. Calculate z(w).
35
Let u(q) = -2*q**3 + 14*q**2 - 10*q - 14. Let c(p) = p**3 - p**2 - p - 1. Let g(m) = -c(m) - u(m). Let s = 473 + -461. Give g(s).
3
Let r(i) = i**3 - 13*i**2 - 24*i + 40. Let f(p) = 2*p**2 - p + 1. Let o(s) = -2*f(s) - r(s). Give o(11).
2
Let h(c) = c**2 - 4*c - 2. Let r(i) be the third derivative of 0*i + 0 + 4*i**2 + 1/40*i**6 + 0*i**3 + 1/60*i**5 - 1/24*i**4. Let a be r(1). Give h(a).
-5
Let h(a) = 23*a**2 + 2*a - 1. Let l(q) = -159*q**2 + 6*q + 54. Let t(m) = 7*h(m) + l(m). Calculate t(-4).
-1
Let s(r) = -r**2 - 53*r + 498. Let b be s(8). Let i(p) = -p**3 + 9*p**2 + 12*p - 23. Calculate i(b).
-3
Let y(v) = 31*v**3 + 2*v**2 - v. Suppose -z + 7 = 2*x, 3*z + 2*x = 11 + 2. Let p be (z/(-8 - -11))/1. Calculate y(p).
32
Suppose 5 = q, 4 = f - 3*q - 3. Suppose 2*m + f*j = 18*j + 50, -2*j + 93 = 5*m. Let p(k) = k**2 - 17*k + 6. Calculate p(m).
6
Let v = -73 + 75. Let k(p) = 17 - 18 + 0*p**2 + p**v - 7 + 11*p. Calculate k(-11).
-8
Let f(v) be the second derivative of -v**4/12 - 5*v**3/3 - v**2/2 - 72*v. Let l be (-5)/((-15)/63)*15/(-45). Give f(l).
20
Let a(j) = -310*j + 245 + 674*j - 226 - 329*j. Give a(2).
89
Let t(o) = o**2 + 10*o - 5. Suppose 0*b = 5*j + 5*b + 70, -3*j - 14 = -4*b. Determine t(j).
-5
Let h(v) = 2*v + 9. Let x be (-152)/(-18) + (-144)/324. Let u be x/((2/(-3))/(28/42)). Determine h(u).
-7
Let m(n) = 7 - 31 + 7 + n + 18. Let z = -28 + 40. Suppose z = -2*l - 4. Calculate m(l).
-7
Let t(s) = 6*s**2 + s**3 - 12619 + 2*s + 0*s**3 + 12623. Calculate t(-6).
-8
Let v(s) = 13*s**3 - 15*s - 18. Let b(w) = 22*w**3 + w**2 - 30*w - 37. Let a(c) = -3*b(c) + 5*v(c). Give a(-5).
-4
Let c(a) = -217*a - 1732. Let i be c(-8). Let t(l) = -11*l - 4. Determine t(i).
-48
Let s(w) be the third derivative of -w**6/120 + 2*w**5/15 - w**4/3 - 17*w**3/6 - 94*w**2. Calculate s(7).
-24
Let j = 7 + -2. Suppose -5*t + 2*u = 3*u - 15, j*t = 4*u + 15. Let g be t*(-2)/3 - 0. Let l(b) = 3*b + 3. Give l(g).
-3
Let f(g) = 5325 - 15976 - 9*g - g**3 + 7*g**2 + 5329 + 5332. Calculate f(6).
-8
Let j(c) = -c - 24. Let y be (-178)/11 - (202/(-22) + (-67 - -76)). Determine j(y).
-8
Let i(o) = -232*o + 1158. Let u be i(5). Let a(p) = -62*p - 4. Determine a(u).
120
Suppose -3*k + 6*k = 2*p - 17, 2*k - 6 = -3*p. Let l(q) be the second derivative of -q**5/20 - q**4/3 - q**3/3 - q**2/2 - 88*q. Give l(k).
-4
Let p(w) be the first derivative of 21*w - 2/3*w**3 + 16 - 3/2*w**2. Let i(n) be the first derivative of p(n). Determine i(-3).
9
Suppose 2*p - 27 = -15. Let k(n) = 8*n**3 + n**2 + 2*n + 6. Let w(x) = -7*x**3 - 2*x - 5. Let u(g) = -6*k(g) - 7*w(g). Calculate u(p).
11
Let h(r) be the first derivative of r**4/4 - r**3 + r**2 + 2*r + 196. Let c be 1*(-36)/(-4)*1. Let i = -6 + c. Determine h(i).
8
Suppose -225 = -12*n - 13*n. Suppose 47 = 14*k - n. Let a(c) = -c**2 - 4*c + 4. What is a(k)?
-28
Let d(x) = 2*x**2 + 3*x - 2. Let c(o) be the first derivative of 2*o**3/3 + 5*o**2/2 - 4*o - 28. Let v(f) = -2*c(f) + 3*d(f). Determine v(-3).
23
Let n(p) be the third derivative of -5/6*p**3 - 1/60*p**5 + 0*p - 5/24*p**4 + 0 - 88*p**2. Give n(-4).
-1
Let b(i) = 6*i**3 + 58*i**2 + 62*i - 72. Let y(c) = -c**3 - 8*c**2 - 8*c + 10. Let z(o) = 2*b(o) + 15*y(o). Give z(-2).
6
Let x(h) = -h**2 + h + 2. Let w be x(-1). Let j(u) = -4*u**2 + w*u + 3*u**2 + 3 + 0*u. Let p be j(0). Let o(t) = -2*t**3 + 4*t**2 + 2*t - 2. Give o(p).
-14
Suppose 5*q = 4*q - 3*y + 4, q = 2*y - 16. Let r be 6/(-63) + (-640)/(-105). Let m(p) = 0*p - 2 + p + r. Determine m(q).
-4
Let s(q) = -q**2 + q + 20. Let x be s(5). Let r(z) = 8*z**2 - 2 + 0*z - 3*z + x*z - 13*z**2. Let b(n) = 4*n + 2. Let d be b(-1). Calculate r(d).
-16
Suppose -2*c = 4*v - 161 + 17, 4*v - 300 = -4*c. Let k = -59 + c. Let a(t) = 10*t - k*t - 1 + 8*t + 7. What is a(-5)?
11
Let g = 2 - -3. Let t(c) = c**2 + 5*c + 2. Let o = 39 + -33. Let n(u) = u**2 + 4*u + 1. Let v(s) = o*t(s) - 7*n(s). What is v(g)?
-10
Let k(b) = -140. Let m(q) = -6*q - 701. Let r(s) = 5*k(s) - m(s). Let w = 2 + 1. Determine r(w).
19
Let m(u) be the first derivative of -1/4*u**4 + u**2 + 10*u - 7/3*u**3 + 138. Determine m(-7).
-4
Let w(q) = 6*q**3 - 8*q**2 + 124*q - 6. Let i(t) = 5*t**3 - 7*t**2 + 99*t - 5. Let d(z) = -5*i(z) + 4*w(z). Let s(f) = -f + 1. Let x be s(-2). Calculate d(x).
4
Let a(v) be the first derivative of -v**5/60 - 11*v**4/24 + v**3/6 + 2*v**2 - 7*v - 115. Let b(z) be the second derivative of a(z). Determine b(-7).
29
Let w be 4/2 - (6 - -4 - 8). Suppose q + v + 9 = w, -9*v + 5*v = 2*q + 28. Let y(s) = -s**3 - 2*s**2 + 6*s - 4. Calculate y(q).
4
Let h(b) = -3*b - 1 - 4*b + 6*b. Suppose -22 + 10 = -12*y. Let l(x) = 17*x**3 + x**2 - 7*x - 4. Let q(u) = y*l(u) - 5*h(u). Determine q(1).
17
Let s(w) = -2*w**3 + 15*w**2 + 8*w + 18. Let k be s(8). Let x(r) = -29 - 2*r**2 + 2*r + 7 + k + 7. Calculate x(3).
-9
Let x(q) = q**2 - 54*q - 2181. Let s be x(81). Let a(t) = 19*t - 127. What is a(s)?
-13
Let c = -1280 + 1275. Let u(x) = -7*x + 3. Let y(z) be the first derivative of 18*z**2 - 15*z + 8. Let n(m) = -11*u(m) - 2*y(m). Calculate n(c).
-28
Suppose -3*r = -463 - 257. Let a = r - 136. Let h = 107 - a. Let x(z) = -z. What is x(h)?
-3
Let x(z) = z**3 + 12*z**2 + 39*z + 9. Let d be (-1029)/168 - (-8)/64. Calculate x(d).
-9
Let o(s) be the first derivative of -5*s**4/4 - 10*s**3/3 + s**2 - 5*s - 51. Let m(q) = 11*q**3 + 23*q**2 - 3*q + 10. Let a(d)